[INFO] cloning repository https://github.com/arichard4/lua-rust
[INFO] running `Command { std: "git" "-c" "credential.helper=" "-c" "credential.helper=/workspace/cargo-home/bin/git-credential-null" "clone" "--bare" "https://github.com/arichard4/lua-rust" "/workspace/cache/git-repos/https%3A%2F%2Fgithub.com%2Farichard4%2Flua-rust", kill_on_drop: false }`
[INFO] [stderr] Cloning into bare repository '/workspace/cache/git-repos/https%3A%2F%2Fgithub.com%2Farichard4%2Flua-rust'...
[INFO] running `Command { std: "git" "rev-parse" "HEAD", kill_on_drop: false }`
[INFO] [stdout] 92f580929ab2e05453db30118054c05463a14cdc
[INFO] checking arichard4/lua-rust against master#9610dfe5a9a731ced1ea4923ecbd0c57fe367898 for beta-170-4
[INFO] running `Command { std: "git" "clone" "/workspace/cache/git-repos/https%3A%2F%2Fgithub.com%2Farichard4%2Flua-rust" "/workspace/builds/worker-5-tc1/source", kill_on_drop: false }`
[INFO] [stderr] Cloning into '/workspace/builds/worker-5-tc1/source'...
[INFO] [stderr] done.
[INFO] validating manifest of git repo https://github.com/arichard4/lua-rust on toolchain 9610dfe5a9a731ced1ea4923ecbd0c57fe367898
[INFO] running `Command { std: CARGO_HOME="/workspace/cargo-home" RUSTUP_HOME="/workspace/rustup-home" "/workspace/cargo-home/bin/cargo" "+9610dfe5a9a731ced1ea4923ecbd0c57fe367898" "metadata" "--manifest-path" "Cargo.toml" "--no-deps", kill_on_drop: false }`
[INFO] started tweaking git repo https://github.com/arichard4/lua-rust
[INFO] finished tweaking git repo https://github.com/arichard4/lua-rust
[INFO] tweaked toml for git repo https://github.com/arichard4/lua-rust written to /workspace/builds/worker-5-tc1/source/Cargo.toml
[INFO] crate git repo https://github.com/arichard4/lua-rust already has a lockfile, it will not be regenerated
[INFO] running `Command { std: CARGO_HOME="/workspace/cargo-home" RUSTUP_HOME="/workspace/rustup-home" "/workspace/cargo-home/bin/cargo" "+9610dfe5a9a731ced1ea4923ecbd0c57fe367898" "fetch" "--manifest-path" "Cargo.toml", kill_on_drop: false }`
[INFO] running `Command { std: "docker" "create" "-v" "/var/lib/crater-agent-workspace/builds/worker-5-tc1/target:/opt/rustwide/target:rw,Z" "-v" "/var/lib/crater-agent-workspace/builds/worker-5-tc1/source:/opt/rustwide/workdir:ro,Z" "-v" "/var/lib/crater-agent-workspace/cargo-home:/opt/rustwide/cargo-home:ro,Z" "-v" "/var/lib/crater-agent-workspace/rustup-home:/opt/rustwide/rustup-home:ro,Z" "-e" "SOURCE_DIR=/opt/rustwide/workdir" "-e" "CARGO_TARGET_DIR=/opt/rustwide/target" "-e" "CARGO_HOME=/opt/rustwide/cargo-home" "-e" "RUSTUP_HOME=/opt/rustwide/rustup-home" "-w" "/opt/rustwide/workdir" "-m" "1610612736" "--user" "0:0" "--network" "none" "ghcr.io/rust-lang/crates-build-env/linux@sha256:19e73879b68f455e41552ea35293514db52ea292d993f571636dbffedb77a1ee" "/opt/rustwide/cargo-home/bin/cargo" "+9610dfe5a9a731ced1ea4923ecbd0c57fe367898" "metadata" "--no-deps" "--format-version=1", kill_on_drop: false }`
[INFO] [stdout] 0d29738458569e073ca3fd36c8d85155eb2b3b16963159e489c341ce060d41e5
[INFO] running `Command { std: "docker" "start" "-a" "0d29738458569e073ca3fd36c8d85155eb2b3b16963159e489c341ce060d41e5", kill_on_drop: false }`
[INFO] running `Command { std: "docker" "inspect" "0d29738458569e073ca3fd36c8d85155eb2b3b16963159e489c341ce060d41e5", kill_on_drop: false }`
[INFO] running `Command { std: "docker" "rm" "-f" "0d29738458569e073ca3fd36c8d85155eb2b3b16963159e489c341ce060d41e5", kill_on_drop: false }`
[INFO] [stdout] 0d29738458569e073ca3fd36c8d85155eb2b3b16963159e489c341ce060d41e5
[INFO] running `Command { std: "docker" "create" "-v" "/var/lib/crater-agent-workspace/builds/worker-5-tc1/target:/opt/rustwide/target:rw,Z" "-v" "/var/lib/crater-agent-workspace/builds/worker-5-tc1/source:/opt/rustwide/workdir:ro,Z" "-v" "/var/lib/crater-agent-workspace/cargo-home:/opt/rustwide/cargo-home:ro,Z" "-v" "/var/lib/crater-agent-workspace/rustup-home:/opt/rustwide/rustup-home:ro,Z" "-e" "SOURCE_DIR=/opt/rustwide/workdir" "-e" "CARGO_TARGET_DIR=/opt/rustwide/target" "-e" "CARGO_INCREMENTAL=0" "-e" "RUST_BACKTRACE=full" "-e" "RUSTFLAGS=--cap-lints=forbid" "-e" "RUSTDOCFLAGS=--cap-lints=forbid" "-e" "CARGO_HOME=/opt/rustwide/cargo-home" "-e" "RUSTUP_HOME=/opt/rustwide/rustup-home" "-w" "/opt/rustwide/workdir" "-m" "1610612736" "--user" "0:0" "--network" "none" "ghcr.io/rust-lang/crates-build-env/linux@sha256:19e73879b68f455e41552ea35293514db52ea292d993f571636dbffedb77a1ee" "/opt/rustwide/cargo-home/bin/cargo" "+9610dfe5a9a731ced1ea4923ecbd0c57fe367898" "check" "--frozen" "--all" "--all-targets" "--message-format=json", kill_on_drop: false }`
[INFO] [stdout] 1fd100adb0ef00ffe9ec937a0a795dcfd6f141f7afe923f08ee01a122ab43c3b
[INFO] running `Command { std: "docker" "start" "-a" "1fd100adb0ef00ffe9ec937a0a795dcfd6f141f7afe923f08ee01a122ab43c3b", kill_on_drop: false }`
[INFO] [stderr]     Checking lua-rust v0.1.0 (/opt/rustwide/workdir)
[INFO] [stdout] error[E0583]: file not found for module `eval`
[INFO] [stdout]  --> src/main.rs:1:1
[INFO] [stdout]   |
[INFO] [stdout] 1 | mod eval;
[INFO] [stdout]   | ^^^^^^^^^
[INFO] [stdout]   |
[INFO] [stdout]   = help: to create the module `eval`, create file "src/eval.rs" or "src/eval/mod.rs"
[INFO] [stdout] 
[INFO] [stdout] 
[INFO] [stdout] error[E0583]: file not found for module `eval`
[INFO] [stdout]  --> src/main.rs:1:1
[INFO] [stdout]   |
[INFO] [stdout] 1 | mod eval;
[INFO] [stdout]   | ^^^^^^^^^
[INFO] [stdout]   |
[INFO] [stdout]   = help: to create the module `eval`, create file "src/eval.rs" or "src/eval/mod.rs"
[INFO] [stdout] 
[INFO] [stdout] 
[INFO] [stdout] error[E0425]: cannot find function `compile` in module `eval`
[INFO] [stdout]   --> src/main.rs:32:22
[INFO] [stdout]    |
[INFO] [stdout] 32 |     let pgrm = eval::compile(&raw, ast);
[INFO] [stdout]    |                      ^^^^^^^ not found in `eval`
[INFO] [stdout] 
[INFO] [stdout] 
[INFO] [stdout] error[E0425]: cannot find function `eval` in module `eval`
[INFO] [stdout]   --> src/main.rs:34:11
[INFO] [stdout]    |
[INFO] [stdout] 34 |     eval::eval(pgrm);
[INFO] [stdout]    |           ^^^^ not found in `eval`
[INFO] [stdout] 
[INFO] [stdout] 
[INFO] [stdout] error[E0425]: cannot find function `compile` in module `eval`
[INFO] [stdout]   --> src/main.rs:32:22
[INFO] [stdout]    |
[INFO] [stdout] 32 |     let pgrm = eval::compile(&raw, ast);
[INFO] [stdout]    |                      ^^^^^^^ not found in `eval`
[INFO] [stdout] 
[INFO] [stdout] 
[INFO] [stdout] error[E0425]: cannot find function `eval` in module `eval`
[INFO] [stdout]   --> src/main.rs:34:11
[INFO] [stdout]    |
[INFO] [stdout] 34 |     eval::eval(pgrm);
[INFO] [stdout]    |           ^^^^ not found in `eval`
[INFO] [stdout] 
[INFO] [stdout] 
[INFO] [stdout] error: aborting due to 3 previous errors
[INFO] [stdout] 
[INFO] [stdout] 
[INFO] [stdout] Some errors have detailed explanations: E0425, E0583.
[INFO] [stdout] 
[INFO] [stdout] For more information about an error, try `rustc --explain E0425`.
[INFO] [stdout] 
[INFO] [stdout] error: aborting due to 3 previous errors
[INFO] [stdout] 
[INFO] [stdout] 
[INFO] [stdout] Some errors have detailed explanations: E0425, E0583.
[INFO] [stdout] 
[INFO] [stdout] For more information about an error, try `rustc --explain E0425`.
[INFO] [stdout] 
[INFO] [stderr] error: could not compile `lua-rust` (bin "lua-rust") due to 4 previous errors
[INFO] [stderr] warning: build failed, waiting for other jobs to finish...
[INFO] [stderr] error: could not compile `lua-rust` (bin "lua-rust" test) due to 4 previous errors
[INFO] running `Command { std: "docker" "inspect" "1fd100adb0ef00ffe9ec937a0a795dcfd6f141f7afe923f08ee01a122ab43c3b", kill_on_drop: false }`
[INFO] running `Command { std: "docker" "rm" "-f" "1fd100adb0ef00ffe9ec937a0a795dcfd6f141f7afe923f08ee01a122ab43c3b", kill_on_drop: false }`
[INFO] [stdout] 1fd100adb0ef00ffe9ec937a0a795dcfd6f141f7afe923f08ee01a122ab43c3b
